{"id":17084,"date":"2025-01-16T10:08:16","date_gmt":"2025-01-16T09:08:16","guid":{"rendered":"https:\/\/hello-suns.com\/producten\/vento-3\/"},"modified":"2026-03-03T11:04:16","modified_gmt":"2026-03-03T10:04:16","slug":"vento-3","status":"publish","type":"product","link":"https:\/\/hello-suns.com\/es\/productos\/vento-3\/","title":{"rendered":"Vento"},"content":{"rendered":"<h2 style=\"font-weight: 400;\"><span class=\"TextRun SCXW242631449 BCX0\" lang=\"NL-NL\" xml:lang=\"NL-NL\" data-contrast=\"none\"><span class=\"NormalTextRun SCXW242631449 BCX0\">Una declaraci\u00f3n de relajaci\u00f3n<\/span><\/span><span class=\"EOP SCXW242631449 BCX0\" data-ccp-props=\"{}\"> <\/span><\/h2>\n<p style=\"font-weight: 400;\">El sof\u00e1 cama Vento es sin\u00f3nimo de m\u00e1xima relajaci\u00f3n. Con sus l\u00edneas limpias, generosos cojines de asiento y detalles caracter\u00edsticos, este sof\u00e1 cama es una declaraci\u00f3n contempor\u00e1nea de comodidad y elegancia. Vento est\u00e1 disponible con armaz\u00f3n de teca natural o totalmente de aluminio en color champ\u00e1n.  <\/p>\n","protected":false},"excerpt":{"rendered":"<h3 style=\"font-weight: 400;\"><span class=\"TextRun SCXW247724618 BCX0\" lang=\"EN-US\" xml:lang=\"EN-US\" data-contrast=\"none\"><span class=\"NormalTextRun SpellingErrorV2Themed SCXW247724618 BCX0\">R<\/span><span class=\"NormalTextRun SpellingErrorV2Themed SCXW247724618 BCX0\">oyal<\/span><span class=\"NormalTextRun SCXW247724618 BCX0\"> daybed con car\u00e1cter<\/span><\/span><\/h3>\n<div>\n<p>El sof\u00e1 cama Vento est\u00e1 dise\u00f1ado para la relajaci\u00f3n pura. Sus l\u00edneas limpias, el respaldo y los apoyos laterales abiertos y su s\u00f3lida construcci\u00f3n confieren a este modelo un aspecto moderno y poderoso. Los generosos cojines te invitan a reclinarte y relajarte. Gracias a los cojines decorativos incluidos, puedes personalizar el aspecto y crear un lugar acogedor para cualquier momento del d\u00eda.   <\/p>\n<\/div>\n<div>\n<p>El daybed Vento est\u00e1 disponible con armaz\u00f3n de teca natural o de aluminio integral en color Champ\u00e1n. Este modelo pertenece a la l\u00ednea de productos Vento y, por tanto, combina sin esfuerzo con otros elementos de la misma serie. Los materiales y el acabado de alta calidad garantizan que el daybed Vento luzca estupendo en cualquier entorno exterior, mientras que el tejido exterior de primera calidad resulta maravillosamente c\u00f3modo.  <\/p>\n<\/div>\n","protected":false},"featured_media":16866,"comment_status":"closed","ping_status":"closed","template":"","meta":{"_acf_changed":false},"product_brand":[],"product_cat":[797,822,823],"product_tag":[],"material":[],"class_list":{"0":"post-17084","1":"product","2":"type-product","3":"status-publish","4":"has-post-thumbnail","6":"product_cat-you-create-es","7":"product_cat-relax","8":"product_cat-cama-de-dia","10":"first","11":"instock","12":"shipping-taxable","13":"product-type-simple"},"acf":[],"yoast_head":"<!-- This site is optimized with the Yoast SEO plugin v26.8 - https:\/\/yoast.com\/product\/yoast-seo-wordpress\/ -->\n<title>Descubre el Daybed Vento | SUNS muebles de jard\u00edn<\/title>\n<meta name=\"description\" content=\"\u00bfBuscas un elegante daybed vento? SUNS te ofrece camas de d\u00eda de lujo con un dise\u00f1o moderno y el m\u00e1ximo confort, perfectas para relajarte en tu espacio exterior.\" \/>\n<meta name=\"robots\" content=\"index, follow, max-snippet:-1, max-image-preview:large, max-video-preview:-1\" \/>\n<link rel=\"canonical\" href=\"https:\/\/hello-suns.com\/es\/productos\/vento-3\/\" \/>\n<meta property=\"og:locale\" content=\"es_ES\" \/>\n<meta property=\"og:type\" content=\"article\" \/>\n<meta property=\"og:title\" content=\"Descubre el Daybed Vento | SUNS muebles de jard\u00edn\" \/>\n<meta property=\"og:description\" content=\"\u00bfBuscas un elegante daybed vento? SUNS te ofrece camas de d\u00eda de lujo con un dise\u00f1o moderno y el m\u00e1ximo confort, perfectas para relajarte en tu espacio exterior.\" \/>\n<meta property=\"og:url\" content=\"https:\/\/hello-suns.com\/es\/productos\/vento-3\/\" \/>\n<meta property=\"og:site_name\" content=\"SUNS\" \/>\n<meta property=\"article:modified_time\" content=\"2026-03-03T10:04:16+00:00\" \/>\n<meta property=\"og:image\" content=\"https:\/\/hello-suns.com\/app\/uploads\/2025\/01\/01_Vento-SUNS-Daybed-TK-LSG-Free-23-1-2500-pix-1-1024x683.png\" \/>\n\t<meta property=\"og:image:width\" content=\"1024\" \/>\n\t<meta property=\"og:image:height\" content=\"683\" \/>\n\t<meta property=\"og:image:type\" content=\"image\/png\" \/>\n<meta name=\"twitter:card\" content=\"summary_large_image\" \/>\n<meta name=\"twitter:label1\" content=\"Est. reading time\" \/>\n\t<meta name=\"twitter:data1\" content=\"3 minutes\" \/>\n<script type=\"application\/ld+json\" class=\"yoast-schema-graph\">{\"@context\":\"https:\/\/schema.org\",\"@graph\":[{\"@type\":\"WebPage\",\"@id\":\"https:\/\/hello-suns.com\/es\/productos\/vento-3\/\",\"url\":\"https:\/\/hello-suns.com\/es\/productos\/vento-3\/\",\"name\":\"Descubre el Daybed Vento | SUNS muebles de jard\u00edn\",\"isPartOf\":{\"@id\":\"https:\/\/hello-suns.com\/es\/#website\"},\"primaryImageOfPage\":{\"@id\":\"https:\/\/hello-suns.com\/es\/productos\/vento-3\/#primaryimage\"},\"image\":{\"@id\":\"https:\/\/hello-suns.com\/es\/productos\/vento-3\/#primaryimage\"},\"thumbnailUrl\":\"https:\/\/hello-suns.com\/app\/uploads\/2025\/01\/01_Vento-SUNS-Daybed-TK-LSG-Free-23-1-2500-pix-1.png\",\"datePublished\":\"2025-01-16T09:08:16+00:00\",\"dateModified\":\"2026-03-03T10:04:16+00:00\",\"description\":\"\u00bfBuscas un elegante daybed vento? SUNS te ofrece camas de d\u00eda de lujo con un dise\u00f1o moderno y el m\u00e1ximo confort, perfectas para relajarte en tu espacio exterior.\",\"breadcrumb\":{\"@id\":\"https:\/\/hello-suns.com\/es\/productos\/vento-3\/#breadcrumb\"},\"inLanguage\":\"es-ES\",\"potentialAction\":[{\"@type\":\"ReadAction\",\"target\":[\"https:\/\/hello-suns.com\/es\/productos\/vento-3\/\"]}]},{\"@type\":\"ImageObject\",\"inLanguage\":\"es-ES\",\"@id\":\"https:\/\/hello-suns.com\/es\/productos\/vento-3\/#primaryimage\",\"url\":\"https:\/\/hello-suns.com\/app\/uploads\/2025\/01\/01_Vento-SUNS-Daybed-TK-LSG-Free-23-1-2500-pix-1.png\",\"contentUrl\":\"https:\/\/hello-suns.com\/app\/uploads\/2025\/01\/01_Vento-SUNS-Daybed-TK-LSG-Free-23-1-2500-pix-1.png\",\"width\":2500,\"height\":1667},{\"@type\":\"BreadcrumbList\",\"@id\":\"https:\/\/hello-suns.com\/es\/productos\/vento-3\/#breadcrumb\",\"itemListElement\":[{\"@type\":\"ListItem\",\"position\":1,\"name\":\"\",\"item\":\"https:\/\/hello-suns.com\/es\/\"},{\"@type\":\"ListItem\",\"position\":2,\"name\":\"Productos\",\"item\":\"https:\/\/hello-suns.com\/es\/productos\/\"},{\"@type\":\"ListItem\",\"position\":3,\"name\":\"Vento\"}]},{\"@type\":\"WebSite\",\"@id\":\"https:\/\/hello-suns.com\/es\/#website\",\"url\":\"https:\/\/hello-suns.com\/es\/\",\"name\":\"SUNS\",\"description\":\"Outdoor Lifestyle\",\"potentialAction\":[{\"@type\":\"SearchAction\",\"target\":{\"@type\":\"EntryPoint\",\"urlTemplate\":\"https:\/\/hello-suns.com\/es\/?s={search_term_string}\"},\"query-input\":{\"@type\":\"PropertyValueSpecification\",\"valueRequired\":true,\"valueName\":\"search_term_string\"}}],\"inLanguage\":\"es-ES\"}]}<\/script>\n<!-- \/ Yoast SEO plugin. -->","yoast_head_json":{"title":"Descubre el Daybed Vento | SUNS muebles de jard\u00edn","description":"\u00bfBuscas un elegante daybed vento? SUNS te ofrece camas de d\u00eda de lujo con un dise\u00f1o moderno y el m\u00e1ximo confort, perfectas para relajarte en tu espacio exterior.","robots":{"index":"index","follow":"follow","max-snippet":"max-snippet:-1","max-image-preview":"max-image-preview:large","max-video-preview":"max-video-preview:-1"},"canonical":"https:\/\/hello-suns.com\/es\/productos\/vento-3\/","og_locale":"es_ES","og_type":"article","og_title":"Descubre el Daybed Vento | SUNS muebles de jard\u00edn","og_description":"\u00bfBuscas un elegante daybed vento? SUNS te ofrece camas de d\u00eda de lujo con un dise\u00f1o moderno y el m\u00e1ximo confort, perfectas para relajarte en tu espacio exterior.","og_url":"https:\/\/hello-suns.com\/es\/productos\/vento-3\/","og_site_name":"SUNS","article_modified_time":"2026-03-03T10:04:16+00:00","og_image":[{"width":1024,"height":683,"url":"https:\/\/hello-suns.com\/app\/uploads\/2025\/01\/01_Vento-SUNS-Daybed-TK-LSG-Free-23-1-2500-pix-1-1024x683.png","type":"image\/png"}],"twitter_card":"summary_large_image","twitter_misc":{"Est. reading time":"3 minutes"},"schema":{"@context":"https:\/\/schema.org","@graph":[{"@type":"WebPage","@id":"https:\/\/hello-suns.com\/es\/productos\/vento-3\/","url":"https:\/\/hello-suns.com\/es\/productos\/vento-3\/","name":"Descubre el Daybed Vento | SUNS muebles de jard\u00edn","isPartOf":{"@id":"https:\/\/hello-suns.com\/es\/#website"},"primaryImageOfPage":{"@id":"https:\/\/hello-suns.com\/es\/productos\/vento-3\/#primaryimage"},"image":{"@id":"https:\/\/hello-suns.com\/es\/productos\/vento-3\/#primaryimage"},"thumbnailUrl":"https:\/\/hello-suns.com\/app\/uploads\/2025\/01\/01_Vento-SUNS-Daybed-TK-LSG-Free-23-1-2500-pix-1.png","datePublished":"2025-01-16T09:08:16+00:00","dateModified":"2026-03-03T10:04:16+00:00","description":"\u00bfBuscas un elegante daybed vento? SUNS te ofrece camas de d\u00eda de lujo con un dise\u00f1o moderno y el m\u00e1ximo confort, perfectas para relajarte en tu espacio exterior.","breadcrumb":{"@id":"https:\/\/hello-suns.com\/es\/productos\/vento-3\/#breadcrumb"},"inLanguage":"es-ES","potentialAction":[{"@type":"ReadAction","target":["https:\/\/hello-suns.com\/es\/productos\/vento-3\/"]}]},{"@type":"ImageObject","inLanguage":"es-ES","@id":"https:\/\/hello-suns.com\/es\/productos\/vento-3\/#primaryimage","url":"https:\/\/hello-suns.com\/app\/uploads\/2025\/01\/01_Vento-SUNS-Daybed-TK-LSG-Free-23-1-2500-pix-1.png","contentUrl":"https:\/\/hello-suns.com\/app\/uploads\/2025\/01\/01_Vento-SUNS-Daybed-TK-LSG-Free-23-1-2500-pix-1.png","width":2500,"height":1667},{"@type":"BreadcrumbList","@id":"https:\/\/hello-suns.com\/es\/productos\/vento-3\/#breadcrumb","itemListElement":[{"@type":"ListItem","position":1,"name":"","item":"https:\/\/hello-suns.com\/es\/"},{"@type":"ListItem","position":2,"name":"Productos","item":"https:\/\/hello-suns.com\/es\/productos\/"},{"@type":"ListItem","position":3,"name":"Vento"}]},{"@type":"WebSite","@id":"https:\/\/hello-suns.com\/es\/#website","url":"https:\/\/hello-suns.com\/es\/","name":"SUNS","description":"Outdoor Lifestyle","potentialAction":[{"@type":"SearchAction","target":{"@type":"EntryPoint","urlTemplate":"https:\/\/hello-suns.com\/es\/?s={search_term_string}"},"query-input":{"@type":"PropertyValueSpecification","valueRequired":true,"valueName":"search_term_string"}}],"inLanguage":"es-ES"}]}},"_links":{"self":[{"href":"https:\/\/hello-suns.com\/es\/wp-json\/wp\/v2\/product\/17084","targetHints":{"allow":["GET"]}}],"collection":[{"href":"https:\/\/hello-suns.com\/es\/wp-json\/wp\/v2\/product"}],"about":[{"href":"https:\/\/hello-suns.com\/es\/wp-json\/wp\/v2\/types\/product"}],"replies":[{"embeddable":true,"href":"https:\/\/hello-suns.com\/es\/wp-json\/wp\/v2\/comments?post=17084"}],"wp:featuredmedia":[{"embeddable":true,"href":"https:\/\/hello-suns.com\/es\/wp-json\/wp\/v2\/media\/16866"}],"wp:attachment":[{"href":"https:\/\/hello-suns.com\/es\/wp-json\/wp\/v2\/media?parent=17084"}],"wp:term":[{"taxonomy":"product_brand","embeddable":true,"href":"https:\/\/hello-suns.com\/es\/wp-json\/wp\/v2\/product_brand?post=17084"},{"taxonomy":"product_cat","embeddable":true,"href":"https:\/\/hello-suns.com\/es\/wp-json\/wp\/v2\/product_cat?post=17084"},{"taxonomy":"product_tag","embeddable":true,"href":"https:\/\/hello-suns.com\/es\/wp-json\/wp\/v2\/product_tag?post=17084"},{"taxonomy":"material","embeddable":true,"href":"https:\/\/hello-suns.com\/es\/wp-json\/wp\/v2\/material?post=17084"}],"curies":[{"name":"wp","href":"https:\/\/api.w.org\/{rel}","templated":true}]}}

<h2 style="font-weight: 400;"><span class="TextRun SCXW242631449 BCX0" lang="NL-NL" xml:lang="NL-NL" data-contrast="none"><span class="NormalTextRun SCXW242631449 BCX0">Una declaración de relajación</span></span><span class="EOP SCXW242631449 BCX0" data-ccp-props="{}"> </span></h2>
<p style="font-weight: 400;">El sofá cama Vento es sinónimo de máxima relajación. Con sus líneas limpias, generosos cojines de asiento y detalles característicos, este sofá cama es una declaración contemporánea de comodidad y elegancia. Vento está disponible con armazón de teca natural o totalmente de aluminio en color champán.  </p>

<h3 style="font-weight: 400;"><span class="TextRun SCXW247724618 BCX0" lang="EN-US" xml:lang="EN-US" data-contrast="none"><span class="NormalTextRun SpellingErrorV2Themed SCXW247724618 BCX0">R</span><span class="NormalTextRun SpellingErrorV2Themed SCXW247724618 BCX0">oyal</span><span class="NormalTextRun SCXW247724618 BCX0"> daybed con carácter</span></span></h3>
<div>
<p>El sofá cama Vento está diseñado para la relajación pura. Sus líneas limpias, el respaldo y los apoyos laterales abiertos y su sólida construcción confieren a este modelo un aspecto moderno y poderoso. Los generosos cojines te invitan a reclinarte y relajarte. Gracias a los cojines decorativos incluidos, puedes personalizar el aspecto y crear un lugar acogedor para cualquier momento del día.   </p>
</div>
<div>
<p>El daybed Vento está disponible con armazón de teca natural o de aluminio integral en color Champán. Este modelo pertenece a la línea de productos Vento y, por tanto, combina sin esfuerzo con otros elementos de la misma serie. Los materiales y el acabado de alta calidad garantizan que el daybed Vento luzca estupendo en cualquier entorno exterior, mientras que el tejido exterior de primera calidad resulta maravillosamente cómodo.  </p>
</div>

<!-- This site is optimized with the Yoast SEO plugin v26.8 - https://yoast.com/product/yoast-seo-wordpress/ -->
<title>Descubre el Daybed Vento | SUNS muebles de jardín</title>
<meta name="description" content="¿Buscas un elegante daybed vento? SUNS te ofrece camas de día de lujo con un diseño moderno y el máximo confort, perfectas para relajarte en tu espacio exterior." />
<meta name="robots" content="index, follow, max-snippet:-1, max-image-preview:large, max-video-preview:-1" />
<link rel="canonical" href="https://hello-suns.com/es/productos/vento-3/" />
<meta property="og:locale" content="es_ES" />
<meta property="og:type" content="article" />
<meta property="og:title" content="Descubre el Daybed Vento | SUNS muebles de jardín" />
<meta property="og:description" content="¿Buscas un elegante daybed vento? SUNS te ofrece camas de día de lujo con un diseño moderno y el máximo confort, perfectas para relajarte en tu espacio exterior." />
<meta property="og:url" content="https://hello-suns.com/es/productos/vento-3/" />
<meta property="og:site_name" content="SUNS" />
<meta property="article:modified_time" content="2026-03-03T10:04:16+00:00" />
<meta property="og:image" content="https://hello-suns.com/app/uploads/2025/01/01_Vento-SUNS-Daybed-TK-LSG-Free-23-1-2500-pix-1-1024x683.png" />
	<meta property="og:image:width" content="1024" />
	<meta property="og:image:height" content="683" />
	<meta property="og:image:type" content="image/png" />
<meta name="twitter:card" content="summary_large_image" />
<meta name="twitter:label1" content="Est. reading time" />
	<meta name="twitter:data1" content="3 minutes" />
<script type="application/ld+json" class="yoast-schema-graph">{"@context":"https://schema.org","@graph":[{"@type":"WebPage","@id":"https://hello-suns.com/es/productos/vento-3/","url":"https://hello-suns.com/es/productos/vento-3/","name":"Descubre el Daybed Vento | SUNS muebles de jardín","isPartOf":{"@id":"https://hello-suns.com/es/#website"},"primaryImageOfPage":{"@id":"https://hello-suns.com/es/productos/vento-3/#primaryimage"},"image":{"@id":"https://hello-suns.com/es/productos/vento-3/#primaryimage"},"thumbnailUrl":"https://hello-suns.com/app/uploads/2025/01/01_Vento-SUNS-Daybed-TK-LSG-Free-23-1-2500-pix-1.png","datePublished":"2025-01-16T09:08:16+00:00","dateModified":"2026-03-03T10:04:16+00:00","description":"¿Buscas un elegante daybed vento? SUNS te ofrece camas de día de lujo con un diseño moderno y el máximo confort, perfectas para relajarte en tu espacio exterior.","breadcrumb":{"@id":"https://hello-suns.com/es/productos/vento-3/#breadcrumb"},"inLanguage":"es-ES","potentialAction":[{"@type":"ReadAction","target":["https://hello-suns.com/es/productos/vento-3/"]}]},{"@type":"ImageObject","inLanguage":"es-ES","@id":"https://hello-suns.com/es/productos/vento-3/#primaryimage","url":"https://hello-suns.com/app/uploads/2025/01/01_Vento-SUNS-Daybed-TK-LSG-Free-23-1-2500-pix-1.png","contentUrl":"https://hello-suns.com/app/uploads/2025/01/01_Vento-SUNS-Daybed-TK-LSG-Free-23-1-2500-pix-1.png","width":2500,"height":1667},{"@type":"BreadcrumbList","@id":"https://hello-suns.com/es/productos/vento-3/#breadcrumb","itemListElement":[{"@type":"ListItem","position":1,"name":"","item":"https://hello-suns.com/es/"},{"@type":"ListItem","position":2,"name":"Productos","item":"https://hello-suns.com/es/productos/"},{"@type":"ListItem","position":3,"name":"Vento"}]},{"@type":"WebSite","@id":"https://hello-suns.com/es/#website","url":"https://hello-suns.com/es/","name":"SUNS","description":"Outdoor Lifestyle","potentialAction":[{"@type":"SearchAction","target":{"@type":"EntryPoint","urlTemplate":"https://hello-suns.com/es/?s={search_term_string}"},"query-input":{"@type":"PropertyValueSpecification","valueRequired":true,"valueName":"search_term_string"}}],"inLanguage":"es-ES"}]}</script>
<!-- / Yoast SEO plugin. -->

Descubre el Daybed Vento | SUNS muebles de jardín

¿Buscas un elegante daybed vento? SUNS te ofrece camas de día de lujo con un diseño moderno y el máximo confort, perfectas para relajarte en tu espacio exterior.
