{"id":16954,"date":"2025-01-16T13:09:24","date_gmt":"2025-01-16T12:09:24","guid":{"rendered":"https:\/\/hello-suns.com\/producten\/evora-teca-3\/"},"modified":"2026-02-11T13:26:04","modified_gmt":"2026-02-11T12:26:04","slug":"evora-teak-cama-de-dia","status":"publish","type":"product","link":"https:\/\/hello-suns.com\/es\/productos\/evora-teak-cama-de-dia\/","title":{"rendered":"Evora | teak"},"content":{"rendered":"<h2 style=\"font-weight: 400;\"><span class=\"TextRun SCXW161651029 BCX0\" lang=\"NL-NL\" xml:lang=\"NL-NL\" data-contrast=\"auto\"><span class=\"NormalTextRun SCXW161651029 BCX0\">Crea tu propio momento de descanso<\/span><\/span><\/h2>\n<p style=\"font-weight: 400;\"><span class=\"TextRun SCXW225875653 BCX0\" lang=\"NL-NL\" xml:lang=\"NL-NL\" data-contrast=\"auto\"><span class=\"NormalTextRun SCXW225875653 BCX0\">D\u00e9jate sorprender gratamente por la comodidad y el <\/span><span class=\"NormalTextRun SCXW225875653 BCX0\">llamativo<\/span> <span class=\"NormalTextRun SCXW225875653 BCX0\">sof\u00e1 cama<\/span> <span class=\"NormalTextRun SCXW225875653 BCX0\">dise\u00f1o <\/span><span class=\"NormalTextRun SCXW225875653 BCX0\">de Evora<\/span><span class=\"NormalTextRun SCXW225875653 BCX0\">. <\/span> <\/span><\/p>\n","protected":false},"excerpt":{"rendered":"<h3 style=\"font-weight: 400;\"><span class=\"TextRun SCXW67961408 BCX0\" lang=\"NL-NL\" xml:lang=\"NL-NL\" data-contrast=\"auto\"><span class=\"NormalTextRun SCXW67961408 BCX0\">Combinaci\u00f3n inteligente de materiales<\/span><\/span><\/h3>\n<p><span data-contrast=\"none\">El daybed Evora se inspira en el popular dise\u00f1o del daybed Portofino. Evora es un conjunto de dos chaise longues. La estructura de este conjunto es de aluminio de alta calidad, con detalles de teca. Con cojines generosamente acolchados, Evora ofrece una agradable comodidad para sentarse o tumbarse. Adem\u00e1s, \u00a1los cojines deslizantes son cosa del pasado! Gracias a nuestra inteligente fijaci\u00f3n de los cojines (mediante un lazo y una varilla de madera), los cojines permanecen firmemente en su sitio. Este sof\u00e1-cama es el lugar de relax definitivo en tu jard\u00edn. <\/span><\/p>\n<p><span data-contrast=\"none\">El Daybed Evora tambi\u00e9n est\u00e1 disponible en versi\u00f3n completa de aluminio negro, blanco o arena camel, como el conjunto de sal\u00f3n y el conjunto de sof\u00e1 Evora. <\/span><\/p>\n","protected":false},"featured_media":16861,"comment_status":"closed","ping_status":"closed","template":"","meta":{"_acf_changed":false},"product_brand":[],"product_cat":[797,822,823],"product_tag":[],"material":[],"class_list":{"0":"post-16954","1":"product","2":"type-product","3":"status-publish","4":"has-post-thumbnail","6":"product_cat-you-create-es","7":"product_cat-relax","8":"product_cat-cama-de-dia","10":"first","11":"instock","12":"shipping-taxable","13":"product-type-simple"},"acf":[],"yoast_head":"<!-- This site is optimized with the Yoast SEO plugin v26.8 - https:\/\/yoast.com\/product\/yoast-seo-wordpress\/ -->\n<title>Descubre Evora Daybed Teka | SUNS muebles de jard\u00edn<\/title>\n<meta name=\"description\" content=\"\u00bfBuscas un daybed evora de teca? SUNS ofrece camas de d\u00eda de lujo con un dise\u00f1o elegante, una construcci\u00f3n duradera en teca y un confort \u00f3ptimo.\" \/>\n<meta name=\"robots\" content=\"index, follow, max-snippet:-1, max-image-preview:large, max-video-preview:-1\" \/>\n<link rel=\"canonical\" href=\"https:\/\/hello-suns.com\/es\/productos\/evora-teak-cama-de-dia\/\" \/>\n<meta property=\"og:locale\" content=\"es_ES\" \/>\n<meta property=\"og:type\" content=\"article\" \/>\n<meta property=\"og:title\" content=\"Descubre Evora Daybed Teka | SUNS muebles de jard\u00edn\" \/>\n<meta property=\"og:description\" content=\"\u00bfBuscas un daybed evora de teca? SUNS ofrece camas de d\u00eda de lujo con un dise\u00f1o elegante, una construcci\u00f3n duradera en teca y un confort \u00f3ptimo.\" \/>\n<meta property=\"og:url\" content=\"https:\/\/hello-suns.com\/es\/productos\/evora-teak-cama-de-dia\/\" \/>\n<meta property=\"og:site_name\" content=\"SUNS\" \/>\n<meta property=\"article:modified_time\" content=\"2026-02-11T12:26:04+00:00\" \/>\n<meta property=\"og:image\" content=\"https:\/\/hello-suns.com\/app\/uploads\/2025\/01\/01_Daybed_Evora-MW_01_2500px-1-1024x683.png\" \/>\n\t<meta property=\"og:image:width\" content=\"1024\" \/>\n\t<meta property=\"og:image:height\" content=\"683\" \/>\n\t<meta property=\"og:image:type\" content=\"image\/png\" \/>\n<meta name=\"twitter:card\" content=\"summary_large_image\" \/>\n<meta name=\"twitter:label1\" content=\"Est. reading time\" \/>\n\t<meta name=\"twitter:data1\" content=\"2 minutes\" \/>\n<script type=\"application\/ld+json\" class=\"yoast-schema-graph\">{\"@context\":\"https:\/\/schema.org\",\"@graph\":[{\"@type\":\"WebPage\",\"@id\":\"https:\/\/hello-suns.com\/es\/productos\/evora-teak-cama-de-dia\/\",\"url\":\"https:\/\/hello-suns.com\/es\/productos\/evora-teak-cama-de-dia\/\",\"name\":\"Descubre Evora Daybed Teka | SUNS muebles de jard\u00edn\",\"isPartOf\":{\"@id\":\"https:\/\/hello-suns.com\/es\/#website\"},\"primaryImageOfPage\":{\"@id\":\"https:\/\/hello-suns.com\/es\/productos\/evora-teak-cama-de-dia\/#primaryimage\"},\"image\":{\"@id\":\"https:\/\/hello-suns.com\/es\/productos\/evora-teak-cama-de-dia\/#primaryimage\"},\"thumbnailUrl\":\"https:\/\/hello-suns.com\/app\/uploads\/2025\/01\/01_Daybed_Evora-MW_01_2500px-1.png\",\"datePublished\":\"2025-01-16T12:09:24+00:00\",\"dateModified\":\"2026-02-11T12:26:04+00:00\",\"description\":\"\u00bfBuscas un daybed evora de teca? SUNS ofrece camas de d\u00eda de lujo con un dise\u00f1o elegante, una construcci\u00f3n duradera en teca y un confort \u00f3ptimo.\",\"breadcrumb\":{\"@id\":\"https:\/\/hello-suns.com\/es\/productos\/evora-teak-cama-de-dia\/#breadcrumb\"},\"inLanguage\":\"es-ES\",\"potentialAction\":[{\"@type\":\"ReadAction\",\"target\":[\"https:\/\/hello-suns.com\/es\/productos\/evora-teak-cama-de-dia\/\"]}]},{\"@type\":\"ImageObject\",\"inLanguage\":\"es-ES\",\"@id\":\"https:\/\/hello-suns.com\/es\/productos\/evora-teak-cama-de-dia\/#primaryimage\",\"url\":\"https:\/\/hello-suns.com\/app\/uploads\/2025\/01\/01_Daybed_Evora-MW_01_2500px-1.png\",\"contentUrl\":\"https:\/\/hello-suns.com\/app\/uploads\/2025\/01\/01_Daybed_Evora-MW_01_2500px-1.png\",\"width\":2500,\"height\":1667},{\"@type\":\"BreadcrumbList\",\"@id\":\"https:\/\/hello-suns.com\/es\/productos\/evora-teak-cama-de-dia\/#breadcrumb\",\"itemListElement\":[{\"@type\":\"ListItem\",\"position\":1,\"name\":\"\",\"item\":\"https:\/\/hello-suns.com\/es\/\"},{\"@type\":\"ListItem\",\"position\":2,\"name\":\"Productos\",\"item\":\"https:\/\/hello-suns.com\/es\/productos\/\"},{\"@type\":\"ListItem\",\"position\":3,\"name\":\"Evora | teak\"}]},{\"@type\":\"WebSite\",\"@id\":\"https:\/\/hello-suns.com\/es\/#website\",\"url\":\"https:\/\/hello-suns.com\/es\/\",\"name\":\"SUNS\",\"description\":\"Outdoor Lifestyle\",\"potentialAction\":[{\"@type\":\"SearchAction\",\"target\":{\"@type\":\"EntryPoint\",\"urlTemplate\":\"https:\/\/hello-suns.com\/es\/?s={search_term_string}\"},\"query-input\":{\"@type\":\"PropertyValueSpecification\",\"valueRequired\":true,\"valueName\":\"search_term_string\"}}],\"inLanguage\":\"es-ES\"}]}<\/script>\n<!-- \/ Yoast SEO plugin. -->","yoast_head_json":{"title":"Descubre Evora Daybed Teka | SUNS muebles de jard\u00edn","description":"\u00bfBuscas un daybed evora de teca? SUNS ofrece camas de d\u00eda de lujo con un dise\u00f1o elegante, una construcci\u00f3n duradera en teca y un confort \u00f3ptimo.","robots":{"index":"index","follow":"follow","max-snippet":"max-snippet:-1","max-image-preview":"max-image-preview:large","max-video-preview":"max-video-preview:-1"},"canonical":"https:\/\/hello-suns.com\/es\/productos\/evora-teak-cama-de-dia\/","og_locale":"es_ES","og_type":"article","og_title":"Descubre Evora Daybed Teka | SUNS muebles de jard\u00edn","og_description":"\u00bfBuscas un daybed evora de teca? SUNS ofrece camas de d\u00eda de lujo con un dise\u00f1o elegante, una construcci\u00f3n duradera en teca y un confort \u00f3ptimo.","og_url":"https:\/\/hello-suns.com\/es\/productos\/evora-teak-cama-de-dia\/","og_site_name":"SUNS","article_modified_time":"2026-02-11T12:26:04+00:00","og_image":[{"width":1024,"height":683,"url":"https:\/\/hello-suns.com\/app\/uploads\/2025\/01\/01_Daybed_Evora-MW_01_2500px-1-1024x683.png","type":"image\/png"}],"twitter_card":"summary_large_image","twitter_misc":{"Est. reading time":"2 minutes"},"schema":{"@context":"https:\/\/schema.org","@graph":[{"@type":"WebPage","@id":"https:\/\/hello-suns.com\/es\/productos\/evora-teak-cama-de-dia\/","url":"https:\/\/hello-suns.com\/es\/productos\/evora-teak-cama-de-dia\/","name":"Descubre Evora Daybed Teka | SUNS muebles de jard\u00edn","isPartOf":{"@id":"https:\/\/hello-suns.com\/es\/#website"},"primaryImageOfPage":{"@id":"https:\/\/hello-suns.com\/es\/productos\/evora-teak-cama-de-dia\/#primaryimage"},"image":{"@id":"https:\/\/hello-suns.com\/es\/productos\/evora-teak-cama-de-dia\/#primaryimage"},"thumbnailUrl":"https:\/\/hello-suns.com\/app\/uploads\/2025\/01\/01_Daybed_Evora-MW_01_2500px-1.png","datePublished":"2025-01-16T12:09:24+00:00","dateModified":"2026-02-11T12:26:04+00:00","description":"\u00bfBuscas un daybed evora de teca? SUNS ofrece camas de d\u00eda de lujo con un dise\u00f1o elegante, una construcci\u00f3n duradera en teca y un confort \u00f3ptimo.","breadcrumb":{"@id":"https:\/\/hello-suns.com\/es\/productos\/evora-teak-cama-de-dia\/#breadcrumb"},"inLanguage":"es-ES","potentialAction":[{"@type":"ReadAction","target":["https:\/\/hello-suns.com\/es\/productos\/evora-teak-cama-de-dia\/"]}]},{"@type":"ImageObject","inLanguage":"es-ES","@id":"https:\/\/hello-suns.com\/es\/productos\/evora-teak-cama-de-dia\/#primaryimage","url":"https:\/\/hello-suns.com\/app\/uploads\/2025\/01\/01_Daybed_Evora-MW_01_2500px-1.png","contentUrl":"https:\/\/hello-suns.com\/app\/uploads\/2025\/01\/01_Daybed_Evora-MW_01_2500px-1.png","width":2500,"height":1667},{"@type":"BreadcrumbList","@id":"https:\/\/hello-suns.com\/es\/productos\/evora-teak-cama-de-dia\/#breadcrumb","itemListElement":[{"@type":"ListItem","position":1,"name":"","item":"https:\/\/hello-suns.com\/es\/"},{"@type":"ListItem","position":2,"name":"Productos","item":"https:\/\/hello-suns.com\/es\/productos\/"},{"@type":"ListItem","position":3,"name":"Evora | teak"}]},{"@type":"WebSite","@id":"https:\/\/hello-suns.com\/es\/#website","url":"https:\/\/hello-suns.com\/es\/","name":"SUNS","description":"Outdoor Lifestyle","potentialAction":[{"@type":"SearchAction","target":{"@type":"EntryPoint","urlTemplate":"https:\/\/hello-suns.com\/es\/?s={search_term_string}"},"query-input":{"@type":"PropertyValueSpecification","valueRequired":true,"valueName":"search_term_string"}}],"inLanguage":"es-ES"}]}},"_links":{"self":[{"href":"https:\/\/hello-suns.com\/es\/wp-json\/wp\/v2\/product\/16954","targetHints":{"allow":["GET"]}}],"collection":[{"href":"https:\/\/hello-suns.com\/es\/wp-json\/wp\/v2\/product"}],"about":[{"href":"https:\/\/hello-suns.com\/es\/wp-json\/wp\/v2\/types\/product"}],"replies":[{"embeddable":true,"href":"https:\/\/hello-suns.com\/es\/wp-json\/wp\/v2\/comments?post=16954"}],"wp:featuredmedia":[{"embeddable":true,"href":"https:\/\/hello-suns.com\/es\/wp-json\/wp\/v2\/media\/16861"}],"wp:attachment":[{"href":"https:\/\/hello-suns.com\/es\/wp-json\/wp\/v2\/media?parent=16954"}],"wp:term":[{"taxonomy":"product_brand","embeddable":true,"href":"https:\/\/hello-suns.com\/es\/wp-json\/wp\/v2\/product_brand?post=16954"},{"taxonomy":"product_cat","embeddable":true,"href":"https:\/\/hello-suns.com\/es\/wp-json\/wp\/v2\/product_cat?post=16954"},{"taxonomy":"product_tag","embeddable":true,"href":"https:\/\/hello-suns.com\/es\/wp-json\/wp\/v2\/product_tag?post=16954"},{"taxonomy":"material","embeddable":true,"href":"https:\/\/hello-suns.com\/es\/wp-json\/wp\/v2\/material?post=16954"}],"curies":[{"name":"wp","href":"https:\/\/api.w.org\/{rel}","templated":true}]}}

<h2 style="font-weight: 400;"><span class="TextRun SCXW161651029 BCX0" lang="NL-NL" xml:lang="NL-NL" data-contrast="auto"><span class="NormalTextRun SCXW161651029 BCX0">Crea tu propio momento de descanso</span></span></h2>
<p style="font-weight: 400;"><span class="TextRun SCXW225875653 BCX0" lang="NL-NL" xml:lang="NL-NL" data-contrast="auto"><span class="NormalTextRun SCXW225875653 BCX0">Déjate sorprender gratamente por la comodidad y el </span><span class="NormalTextRun SCXW225875653 BCX0">llamativo</span> <span class="NormalTextRun SCXW225875653 BCX0">sofá cama</span> <span class="NormalTextRun SCXW225875653 BCX0">diseño </span><span class="NormalTextRun SCXW225875653 BCX0">de Evora</span><span class="NormalTextRun SCXW225875653 BCX0">. </span> </span></p>

<h3 style="font-weight: 400;"><span class="TextRun SCXW67961408 BCX0" lang="NL-NL" xml:lang="NL-NL" data-contrast="auto"><span class="NormalTextRun SCXW67961408 BCX0">Combinación inteligente de materiales</span></span></h3>
<p><span data-contrast="none">El daybed Evora se inspira en el popular diseño del daybed Portofino. Evora es un conjunto de dos chaise longues. La estructura de este conjunto es de aluminio de alta calidad, con detalles de teca. Con cojines generosamente acolchados, Evora ofrece una agradable comodidad para sentarse o tumbarse. Además, ¡los cojines deslizantes son cosa del pasado! Gracias a nuestra inteligente fijación de los cojines (mediante un lazo y una varilla de madera), los cojines permanecen firmemente en su sitio. Este sofá-cama es el lugar de relax definitivo en tu jardín. </span></p>
<p><span data-contrast="none">El Daybed Evora también está disponible en versión completa de aluminio negro, blanco o arena camel, como el conjunto de salón y el conjunto de sofá Evora. </span></p>

<!-- This site is optimized with the Yoast SEO plugin v26.8 - https://yoast.com/product/yoast-seo-wordpress/ -->
<title>Descubre Evora Daybed Teka | SUNS muebles de jardín</title>
<meta name="description" content="¿Buscas un daybed evora de teca? SUNS ofrece camas de día de lujo con un diseño elegante, una construcción duradera en teca y un confort óptimo." />
<meta name="robots" content="index, follow, max-snippet:-1, max-image-preview:large, max-video-preview:-1" />
<link rel="canonical" href="https://hello-suns.com/es/productos/evora-teak-cama-de-dia/" />
<meta property="og:locale" content="es_ES" />
<meta property="og:type" content="article" />
<meta property="og:title" content="Descubre Evora Daybed Teka | SUNS muebles de jardín" />
<meta property="og:description" content="¿Buscas un daybed evora de teca? SUNS ofrece camas de día de lujo con un diseño elegante, una construcción duradera en teca y un confort óptimo." />
<meta property="og:url" content="https://hello-suns.com/es/productos/evora-teak-cama-de-dia/" />
<meta property="og:site_name" content="SUNS" />
<meta property="article:modified_time" content="2026-02-11T12:26:04+00:00" />
<meta property="og:image" content="https://hello-suns.com/app/uploads/2025/01/01_Daybed_Evora-MW_01_2500px-1-1024x683.png" />
	<meta property="og:image:width" content="1024" />
	<meta property="og:image:height" content="683" />
	<meta property="og:image:type" content="image/png" />
<meta name="twitter:card" content="summary_large_image" />
<meta name="twitter:label1" content="Est. reading time" />
	<meta name="twitter:data1" content="2 minutes" />
<script type="application/ld+json" class="yoast-schema-graph">{"@context":"https://schema.org","@graph":[{"@type":"WebPage","@id":"https://hello-suns.com/es/productos/evora-teak-cama-de-dia/","url":"https://hello-suns.com/es/productos/evora-teak-cama-de-dia/","name":"Descubre Evora Daybed Teka | SUNS muebles de jardín","isPartOf":{"@id":"https://hello-suns.com/es/#website"},"primaryImageOfPage":{"@id":"https://hello-suns.com/es/productos/evora-teak-cama-de-dia/#primaryimage"},"image":{"@id":"https://hello-suns.com/es/productos/evora-teak-cama-de-dia/#primaryimage"},"thumbnailUrl":"https://hello-suns.com/app/uploads/2025/01/01_Daybed_Evora-MW_01_2500px-1.png","datePublished":"2025-01-16T12:09:24+00:00","dateModified":"2026-02-11T12:26:04+00:00","description":"¿Buscas un daybed evora de teca? SUNS ofrece camas de día de lujo con un diseño elegante, una construcción duradera en teca y un confort óptimo.","breadcrumb":{"@id":"https://hello-suns.com/es/productos/evora-teak-cama-de-dia/#breadcrumb"},"inLanguage":"es-ES","potentialAction":[{"@type":"ReadAction","target":["https://hello-suns.com/es/productos/evora-teak-cama-de-dia/"]}]},{"@type":"ImageObject","inLanguage":"es-ES","@id":"https://hello-suns.com/es/productos/evora-teak-cama-de-dia/#primaryimage","url":"https://hello-suns.com/app/uploads/2025/01/01_Daybed_Evora-MW_01_2500px-1.png","contentUrl":"https://hello-suns.com/app/uploads/2025/01/01_Daybed_Evora-MW_01_2500px-1.png","width":2500,"height":1667},{"@type":"BreadcrumbList","@id":"https://hello-suns.com/es/productos/evora-teak-cama-de-dia/#breadcrumb","itemListElement":[{"@type":"ListItem","position":1,"name":"","item":"https://hello-suns.com/es/"},{"@type":"ListItem","position":2,"name":"Productos","item":"https://hello-suns.com/es/productos/"},{"@type":"ListItem","position":3,"name":"Evora | teak"}]},{"@type":"WebSite","@id":"https://hello-suns.com/es/#website","url":"https://hello-suns.com/es/","name":"SUNS","description":"Outdoor Lifestyle","potentialAction":[{"@type":"SearchAction","target":{"@type":"EntryPoint","urlTemplate":"https://hello-suns.com/es/?s={search_term_string}"},"query-input":{"@type":"PropertyValueSpecification","valueRequired":true,"valueName":"search_term_string"}}],"inLanguage":"es-ES"}]}</script>
<!-- / Yoast SEO plugin. -->

Descubre Evora Daybed Teka | SUNS muebles de jardín

¿Buscas un daybed evora de teca? SUNS ofrece camas de día de lujo con un diseño elegante, una construcción duradera en teca y un confort óptimo.
