{"id":21008,"date":"2025-11-06T10:13:52","date_gmt":"2025-11-06T10:13:52","guid":{"rendered":"https:\/\/hello-suns.com\/?page_id=21008"},"modified":"2026-01-15T18:16:42","modified_gmt":"2026-01-15T18:16:42","slug":"coordinador-de-marketing-minorista","status":"publish","type":"page","link":"https:\/\/hello-suns.com\/es\/coordinador-de-marketing-minorista\/","title":{"rendered":"Pr\u00e1cticas de marketing de contenidos"},"content":{"rendered":"","protected":false},"excerpt":{"rendered":"","protected":false},"author":2,"featured_media":17755,"parent":0,"menu_order":0,"comment_status":"closed","ping_status":"closed","template":"","meta":{"_acf_changed":false,"footnotes":""},"class_list":["post-21008","page","type-page","status-publish","has-post-thumbnail","hentry"],"acf":[],"yoast_head":"<!-- This site is optimized with the Yoast SEO plugin v26.8 - https:\/\/yoast.com\/product\/yoast-seo-wordpress\/ -->\n<title>Pr\u00e1cticas de marketing de contenidos - SUNS<\/title>\n<meta name=\"description\" content=\"Como becario colaborador de Marketing de Contenidos, trabajar\u00e1s en estrecha colaboraci\u00f3n con nuestro responsable de marketing de contenidos y otros compa\u00f1eros de marketing.\" \/>\n<meta name=\"robots\" content=\"index, follow, max-snippet:-1, max-image-preview:large, max-video-preview:-1\" \/>\n<link rel=\"canonical\" href=\"https:\/\/hello-suns.com\/es\/coordinador-de-marketing-minorista\/\" \/>\n<meta property=\"og:locale\" content=\"es_ES\" \/>\n<meta property=\"og:type\" content=\"article\" \/>\n<meta property=\"og:title\" content=\"Pr\u00e1cticas de marketing de contenidos - SUNS\" \/>\n<meta property=\"og:description\" content=\"Como becario colaborador de Marketing de Contenidos, trabajar\u00e1s en estrecha colaboraci\u00f3n con nuestro responsable de marketing de contenidos y otros compa\u00f1eros de marketing.\" \/>\n<meta property=\"og:url\" content=\"https:\/\/hello-suns.com\/es\/coordinador-de-marketing-minorista\/\" \/>\n<meta property=\"og:site_name\" content=\"SUNS\" \/>\n<meta property=\"article:modified_time\" content=\"2026-01-15T18:16:42+00:00\" \/>\n<meta property=\"og:image\" content=\"https:\/\/hello-suns.com\/app\/uploads\/2025\/01\/02_Header_Vento_SUNS_Sofaset-scaled.jpg\" \/>\n\t<meta property=\"og:image:width\" content=\"2560\" \/>\n\t<meta property=\"og:image:height\" content=\"1440\" \/>\n\t<meta property=\"og:image:type\" content=\"image\/jpeg\" \/>\n<meta name=\"twitter:card\" content=\"summary_large_image\" \/>\n<script type=\"application\/ld+json\" class=\"yoast-schema-graph\">{\"@context\":\"https:\/\/schema.org\",\"@graph\":[{\"@type\":\"WebPage\",\"@id\":\"https:\/\/hello-suns.com\/es\/coordinador-de-marketing-minorista\/\",\"url\":\"https:\/\/hello-suns.com\/es\/coordinador-de-marketing-minorista\/\",\"name\":\"Pr\u00e1cticas de marketing de contenidos - SUNS\",\"isPartOf\":{\"@id\":\"https:\/\/hello-suns.com\/es\/#website\"},\"primaryImageOfPage\":{\"@id\":\"https:\/\/hello-suns.com\/es\/coordinador-de-marketing-minorista\/#primaryimage\"},\"image\":{\"@id\":\"https:\/\/hello-suns.com\/es\/coordinador-de-marketing-minorista\/#primaryimage\"},\"thumbnailUrl\":\"https:\/\/hello-suns.com\/app\/uploads\/2025\/01\/02_Header_Vento_SUNS_Sofaset-scaled.jpg\",\"datePublished\":\"2025-11-06T10:13:52+00:00\",\"dateModified\":\"2026-01-15T18:16:42+00:00\",\"description\":\"Como becario colaborador de Marketing de Contenidos, trabajar\u00e1s en estrecha colaboraci\u00f3n con nuestro responsable de marketing de contenidos y otros compa\u00f1eros de marketing.\",\"breadcrumb\":{\"@id\":\"https:\/\/hello-suns.com\/es\/coordinador-de-marketing-minorista\/#breadcrumb\"},\"inLanguage\":\"es-ES\",\"potentialAction\":[{\"@type\":\"ReadAction\",\"target\":[\"https:\/\/hello-suns.com\/es\/coordinador-de-marketing-minorista\/\"]}]},{\"@type\":\"ImageObject\",\"inLanguage\":\"es-ES\",\"@id\":\"https:\/\/hello-suns.com\/es\/coordinador-de-marketing-minorista\/#primaryimage\",\"url\":\"https:\/\/hello-suns.com\/app\/uploads\/2025\/01\/02_Header_Vento_SUNS_Sofaset-scaled.jpg\",\"contentUrl\":\"https:\/\/hello-suns.com\/app\/uploads\/2025\/01\/02_Header_Vento_SUNS_Sofaset-scaled.jpg\",\"width\":2560,\"height\":1440},{\"@type\":\"BreadcrumbList\",\"@id\":\"https:\/\/hello-suns.com\/es\/coordinador-de-marketing-minorista\/#breadcrumb\",\"itemListElement\":[{\"@type\":\"ListItem\",\"position\":1,\"name\":\"\",\"item\":\"https:\/\/hello-suns.com\/es\/\"},{\"@type\":\"ListItem\",\"position\":2,\"name\":\"Pr\u00e1cticas de marketing de contenidos\"}]},{\"@type\":\"WebSite\",\"@id\":\"https:\/\/hello-suns.com\/es\/#website\",\"url\":\"https:\/\/hello-suns.com\/es\/\",\"name\":\"SUNS\",\"description\":\"Outdoor Lifestyle\",\"potentialAction\":[{\"@type\":\"SearchAction\",\"target\":{\"@type\":\"EntryPoint\",\"urlTemplate\":\"https:\/\/hello-suns.com\/es\/?s={search_term_string}\"},\"query-input\":{\"@type\":\"PropertyValueSpecification\",\"valueRequired\":true,\"valueName\":\"search_term_string\"}}],\"inLanguage\":\"es-ES\"}]}<\/script>\n<!-- \/ Yoast SEO plugin. -->","yoast_head_json":{"title":"Pr\u00e1cticas de marketing de contenidos - SUNS","description":"Como becario colaborador de Marketing de Contenidos, trabajar\u00e1s en estrecha colaboraci\u00f3n con nuestro responsable de marketing de contenidos y otros compa\u00f1eros de marketing.","robots":{"index":"index","follow":"follow","max-snippet":"max-snippet:-1","max-image-preview":"max-image-preview:large","max-video-preview":"max-video-preview:-1"},"canonical":"https:\/\/hello-suns.com\/es\/coordinador-de-marketing-minorista\/","og_locale":"es_ES","og_type":"article","og_title":"Pr\u00e1cticas de marketing de contenidos - SUNS","og_description":"Como becario colaborador de Marketing de Contenidos, trabajar\u00e1s en estrecha colaboraci\u00f3n con nuestro responsable de marketing de contenidos y otros compa\u00f1eros de marketing.","og_url":"https:\/\/hello-suns.com\/es\/coordinador-de-marketing-minorista\/","og_site_name":"SUNS","article_modified_time":"2026-01-15T18:16:42+00:00","og_image":[{"width":2560,"height":1440,"url":"https:\/\/hello-suns.com\/app\/uploads\/2025\/01\/02_Header_Vento_SUNS_Sofaset-scaled.jpg","type":"image\/jpeg"}],"twitter_card":"summary_large_image","schema":{"@context":"https:\/\/schema.org","@graph":[{"@type":"WebPage","@id":"https:\/\/hello-suns.com\/es\/coordinador-de-marketing-minorista\/","url":"https:\/\/hello-suns.com\/es\/coordinador-de-marketing-minorista\/","name":"Pr\u00e1cticas de marketing de contenidos - SUNS","isPartOf":{"@id":"https:\/\/hello-suns.com\/es\/#website"},"primaryImageOfPage":{"@id":"https:\/\/hello-suns.com\/es\/coordinador-de-marketing-minorista\/#primaryimage"},"image":{"@id":"https:\/\/hello-suns.com\/es\/coordinador-de-marketing-minorista\/#primaryimage"},"thumbnailUrl":"https:\/\/hello-suns.com\/app\/uploads\/2025\/01\/02_Header_Vento_SUNS_Sofaset-scaled.jpg","datePublished":"2025-11-06T10:13:52+00:00","dateModified":"2026-01-15T18:16:42+00:00","description":"Como becario colaborador de Marketing de Contenidos, trabajar\u00e1s en estrecha colaboraci\u00f3n con nuestro responsable de marketing de contenidos y otros compa\u00f1eros de marketing.","breadcrumb":{"@id":"https:\/\/hello-suns.com\/es\/coordinador-de-marketing-minorista\/#breadcrumb"},"inLanguage":"es-ES","potentialAction":[{"@type":"ReadAction","target":["https:\/\/hello-suns.com\/es\/coordinador-de-marketing-minorista\/"]}]},{"@type":"ImageObject","inLanguage":"es-ES","@id":"https:\/\/hello-suns.com\/es\/coordinador-de-marketing-minorista\/#primaryimage","url":"https:\/\/hello-suns.com\/app\/uploads\/2025\/01\/02_Header_Vento_SUNS_Sofaset-scaled.jpg","contentUrl":"https:\/\/hello-suns.com\/app\/uploads\/2025\/01\/02_Header_Vento_SUNS_Sofaset-scaled.jpg","width":2560,"height":1440},{"@type":"BreadcrumbList","@id":"https:\/\/hello-suns.com\/es\/coordinador-de-marketing-minorista\/#breadcrumb","itemListElement":[{"@type":"ListItem","position":1,"name":"","item":"https:\/\/hello-suns.com\/es\/"},{"@type":"ListItem","position":2,"name":"Pr\u00e1cticas de marketing de contenidos"}]},{"@type":"WebSite","@id":"https:\/\/hello-suns.com\/es\/#website","url":"https:\/\/hello-suns.com\/es\/","name":"SUNS","description":"Outdoor Lifestyle","potentialAction":[{"@type":"SearchAction","target":{"@type":"EntryPoint","urlTemplate":"https:\/\/hello-suns.com\/es\/?s={search_term_string}"},"query-input":{"@type":"PropertyValueSpecification","valueRequired":true,"valueName":"search_term_string"}}],"inLanguage":"es-ES"}]}},"_links":{"self":[{"href":"https:\/\/hello-suns.com\/es\/wp-json\/wp\/v2\/pages\/21008","targetHints":{"allow":["GET"]}}],"collection":[{"href":"https:\/\/hello-suns.com\/es\/wp-json\/wp\/v2\/pages"}],"about":[{"href":"https:\/\/hello-suns.com\/es\/wp-json\/wp\/v2\/types\/page"}],"author":[{"embeddable":true,"href":"https:\/\/hello-suns.com\/es\/wp-json\/wp\/v2\/users\/2"}],"replies":[{"embeddable":true,"href":"https:\/\/hello-suns.com\/es\/wp-json\/wp\/v2\/comments?post=21008"}],"version-history":[{"count":3,"href":"https:\/\/hello-suns.com\/es\/wp-json\/wp\/v2\/pages\/21008\/revisions"}],"predecessor-version":[{"id":21025,"href":"https:\/\/hello-suns.com\/es\/wp-json\/wp\/v2\/pages\/21008\/revisions\/21025"}],"wp:featuredmedia":[{"embeddable":true,"href":"https:\/\/hello-suns.com\/es\/wp-json\/wp\/v2\/media\/17755"}],"wp:attachment":[{"href":"https:\/\/hello-suns.com\/es\/wp-json\/wp\/v2\/media?parent=21008"}],"curies":[{"name":"wp","href":"https:\/\/api.w.org\/{rel}","templated":true}]}}

Prácticas de marketing de contenidos

<!-- This site is optimized with the Yoast SEO plugin v26.8 - https://yoast.com/product/yoast-seo-wordpress/ -->
<title>Prácticas de marketing de contenidos - SUNS</title>
<meta name="description" content="Como becario colaborador de Marketing de Contenidos, trabajarás en estrecha colaboración con nuestro responsable de marketing de contenidos y otros compañeros de marketing." />
<meta name="robots" content="index, follow, max-snippet:-1, max-image-preview:large, max-video-preview:-1" />
<link rel="canonical" href="https://hello-suns.com/es/coordinador-de-marketing-minorista/" />
<meta property="og:locale" content="es_ES" />
<meta property="og:type" content="article" />
<meta property="og:title" content="Prácticas de marketing de contenidos - SUNS" />
<meta property="og:description" content="Como becario colaborador de Marketing de Contenidos, trabajarás en estrecha colaboración con nuestro responsable de marketing de contenidos y otros compañeros de marketing." />
<meta property="og:url" content="https://hello-suns.com/es/coordinador-de-marketing-minorista/" />
<meta property="og:site_name" content="SUNS" />
<meta property="article:modified_time" content="2026-01-15T18:16:42+00:00" />
<meta property="og:image" content="https://hello-suns.com/app/uploads/2025/01/02_Header_Vento_SUNS_Sofaset-scaled.jpg" />
	<meta property="og:image:width" content="2560" />
	<meta property="og:image:height" content="1440" />
	<meta property="og:image:type" content="image/jpeg" />
<meta name="twitter:card" content="summary_large_image" />
<script type="application/ld+json" class="yoast-schema-graph">{"@context":"https://schema.org","@graph":[{"@type":"WebPage","@id":"https://hello-suns.com/es/coordinador-de-marketing-minorista/","url":"https://hello-suns.com/es/coordinador-de-marketing-minorista/","name":"Prácticas de marketing de contenidos - SUNS","isPartOf":{"@id":"https://hello-suns.com/es/#website"},"primaryImageOfPage":{"@id":"https://hello-suns.com/es/coordinador-de-marketing-minorista/#primaryimage"},"image":{"@id":"https://hello-suns.com/es/coordinador-de-marketing-minorista/#primaryimage"},"thumbnailUrl":"https://hello-suns.com/app/uploads/2025/01/02_Header_Vento_SUNS_Sofaset-scaled.jpg","datePublished":"2025-11-06T10:13:52+00:00","dateModified":"2026-01-15T18:16:42+00:00","description":"Como becario colaborador de Marketing de Contenidos, trabajarás en estrecha colaboración con nuestro responsable de marketing de contenidos y otros compañeros de marketing.","breadcrumb":{"@id":"https://hello-suns.com/es/coordinador-de-marketing-minorista/#breadcrumb"},"inLanguage":"es-ES","potentialAction":[{"@type":"ReadAction","target":["https://hello-suns.com/es/coordinador-de-marketing-minorista/"]}]},{"@type":"ImageObject","inLanguage":"es-ES","@id":"https://hello-suns.com/es/coordinador-de-marketing-minorista/#primaryimage","url":"https://hello-suns.com/app/uploads/2025/01/02_Header_Vento_SUNS_Sofaset-scaled.jpg","contentUrl":"https://hello-suns.com/app/uploads/2025/01/02_Header_Vento_SUNS_Sofaset-scaled.jpg","width":2560,"height":1440},{"@type":"BreadcrumbList","@id":"https://hello-suns.com/es/coordinador-de-marketing-minorista/#breadcrumb","itemListElement":[{"@type":"ListItem","position":1,"name":"","item":"https://hello-suns.com/es/"},{"@type":"ListItem","position":2,"name":"Prácticas de marketing de contenidos"}]},{"@type":"WebSite","@id":"https://hello-suns.com/es/#website","url":"https://hello-suns.com/es/","name":"SUNS","description":"Outdoor Lifestyle","potentialAction":[{"@type":"SearchAction","target":{"@type":"EntryPoint","urlTemplate":"https://hello-suns.com/es/?s={search_term_string}"},"query-input":{"@type":"PropertyValueSpecification","valueRequired":true,"valueName":"search_term_string"}}],"inLanguage":"es-ES"}]}</script>
<!-- / Yoast SEO plugin. -->

Prácticas de marketing de contenidos - SUNS

Como becario colaborador de Marketing de Contenidos, trabajarás en estrecha colaboración con nuestro responsable de marketing de contenidos y otros compañeros de marketing.
